common divisor of 3484221 and 13.
13
What is the highest common divisor of 82289640 and 120?
120
Calculate the highest common factor of 132044640 and 3640.
3640
Calculate the highest common factor of 1043229 and 165.
33
What is the greatest common divisor of 12368 and 424?
8
Calculate the greatest common divisor of 2105 and 57699313.
421
What is the greatest common divisor of 97764424 and 9424?
152
What is the greatest common divisor of 1035 and 11891385?
45
What is the greatest common divisor of 2108 and 253810?
34
Calculate the greatest common factor of 621 and 16313751.
27
Calculate the greatest common factor of 11904 and 219136.
128
What is the greatest common divisor of 87878400 and 900?
300
Calculate the greatest common divisor of 21783024 and 2691.
207
What is the greatest common divisor of 4665562 and 3720?
62
Calculate the highest common divisor of 9636 and 94212048.
876
What is the greatest common factor of 705480 and 324?
12
Calculate the highest common factor of 2747 and 3787129.
41
What is the highest common divisor of 15 and 51024180?
15
Calculate the greatest common divisor of 100993746 and 42.
42
What is the highest common factor of 23534 and 3626?
14
What is the highest common factor of 28005420 and 2115?
705
What is the highest common divisor of 318106 and 4346?
106
Calculate the greatest common factor of 5312768 and 192.
64
What is the greatest common factor of 77760 and 15219360?
4320
Calculate the greatest common divisor of 6 and 279279808.
2
Calculate the greatest common divisor of 11467615 and 435.
145
What is the greatest common factor of 171 and 326679?
3
Calculate the greatest common factor of 148816 and 51352.
1048
Calculate the highest common factor of 62 and 16278999.
31
Calculate the highest common factor of 232564 and 367495.
1097
What is the highest common factor of 1929066 and 258?
258
What is the greatest common factor of 475 and 191075?
25
Calculate the highest common factor of 180147 and 54484.
53
Calculate the greatest common divisor of 218115 and 43385497.
4847
What is the greatest common divisor of 17 and 13953668?
17
What is the highest common factor of 321385 and 5168?
323
Calculate the highest common divisor of 5236 and 1680008.
748
Calculate the greatest common factor of 1210 and 3526633.
11
What is the greatest common divisor of 162792308 and 28?
28
What is the highest common divisor of 93636 and 2538864?
324
Calculate the highest common divisor of 47328697 and 68.
17
What is the highest common divisor of 262892 and 881664?
1148
Calculate the highest common divisor of 17 and 11579839.
17
Calculate the greatest common factor of 2934 and 4563674.
326
Calculate the greatest common divisor of 4432 and 206055314.
554
Calculate the greatest common divisor of 8555 and 1495965.
145
Calculate the highest common factor of 3826080 and 1880.
40
What is the greatest common divisor of 1767740 and 84500?
3380
Calculate the greatest common factor of 38 and 47005601.
19
What is the greatest common divisor of 342916668 and 2232?
1116
What is the highest common factor of 3526 and 1631893?
43
Calculate the highest common factor of 48 and 20088240.
48
What is the highest common divisor of 729 and 287919?
9
What is the greatest common factor of 803 and 434569?
73
What is the highest common factor of 324 and 2324565?
27
Calculate the highest common divisor of 745 and 11447600.
5
Calculate the greatest common divisor of 4958 and 1105366.
134
What is the highest common factor of 51288200 and 400?
200
What is the highest common factor of 150998517 and 34902?
2493
Calculate the highest common factor of 805877506 and 4354.
4354
Calculate the highest common divisor of 493 and 64485473.
29
Calculate the greatest common factor of 11333849 and 357.
17
Calculate the highest common factor of 1457 and 92465591.
1457
What is the highest common factor of 41952 and 396112?
304
Calculate the highest common factor of 6336 and 1940576.
352
Calculate the greatest common factor of 341 and 862978.
31
Calculate the highest common factor of 3340148 and 14644.
28
What is the greatest common factor of 200 and 13368200?
200
What is the greatest common divisor of 56 and 13374613?
7
What is the greatest common factor of 231 and 148770391?
77
Calculate the greatest common divisor of 4926730 and 20.
10
Calculate the highest common divisor of 1296 and 20826256.
16
What is the greatest common divisor of 11082 and 33?
3
Calculate the highest common divisor of 83880 and 467631.
2097
What is the greatest common divisor of 859024026 and 252?
126
Calculate the highest common divisor of 9072232 and 10790.
2158
What is the highest common factor of 1027225 and 425?
425
What is the highest common factor of 1388 and 1896355?
347
Calculate the greatest common factor of 1272 and 874712.
424
What is the highest common factor of 3560688 and 168?
24
Calculate the greatest common factor of 10003044 and 13870.
2774
What is the greatest common divisor of 170805 and 72570?
885
Calculate the highest common factor of 415 and 1223435.
5
What is the highest common divisor of 6255 and 105255?
45
What is the greatest common divisor of 14402 and 153691?
19
Calculate the highest common factor of 21303018 and 2178.
2178
What is the highest common divisor of 1935 and 12037248?
387
What is the greatest common divisor of 17373 and 129538879?
5791
Calculate the greatest common factor of 2200 and 56035800.
200
What is the greatest common divisor of 25217054 and 1732?
866
Calculate the highest common factor of 10357884 and 288.
36
Calculate the greatest common factor of 6705 and 51570837.
1341
Calculate the greatest common factor of 7150 and 215248.
22
Calculate the greatest common divisor of 9619997 and 6265.
179
What is the highest common factor of 234004100 and 6600?
1100
Calculate the highest common divisor of 5971 and 469775249.
853
What is the greatest common divisor of 31143325 and 4005?
445
Calculate the greatest common factor of 402 and 94638.
6
What is the greatest common factor of 21336 and 3072842724?
10668
Calculate the highest common factor of 1412459 and 6224.
389
Calculate the greatest common factor of 187442 and 2183.
37
Calculate the highest common factor of 133858 and 204.
34
What is the greatest common factor of 3795 and 159028155?
165
Calculate the greatest common factor of 68387661 and 3789.
3789
What is the greatest common divisor of 1542288 and 5244?
276
Calculate the greatest common divisor of 4233072 and 261.
87
What is the greatest common factor of 249 and 192?
3
What is the highest common factor of 21639492 and 189?
63
What is the highest common divisor of 135 and 4134132?
27
Calculate the greatest common divisor of 8730540 and 135915.
7995
What is the highest common factor of 3252 and 322068?
12
What is the highest common factor of 1658179 and 963?
107
What is the greatest common divisor of 13044 and 274828384?
4348
What is the highest common factor of 174383535 and 1275?
255
What is the highest common factor of 854953758 and 534?
534
Calculate the greatest common divisor of 352 and 1706386.
22
Calculate the greatest common factor of 11387 and 448813.
59
Calculate the highest common factor of 28 and 44654386.
14
What is the greatest common divisor of 13 and 435732791?
13
Calculate the greatest common factor of 36214 and 56468.
38
Calculate the highest common divisor of 1823660 and 70.
10
What is the greatest common factor of 19590444 and 88236?
2052
What is the greatest common divisor of 12608752 and 4732?
676
What is the greatest common factor of 12 and 10544116?
4
What is the greatest common factor of 16268018 and 78?
26
What is the highest common divisor of 2009364 and 4256?
532
What is the highest common divisor of 116975904 and 160?
32
Calculate the greatest common divisor of 14400 and 20306880.
2880
Calculate the highest common divisor of 7992 and 73599327.
999
What is the greatest common divisor of 718056 and 264?
24
What is the greatest common divisor of 328 and 110943458?
82
What is the highest common divisor of 1654405 and 226995?
2045
What is the highest common divisor of 2262 and 14677338?
78
Calculate the highest common divisor of 2219376 and 144.
48
Calculate the highest common factor of 43672 and 34814.
206
Calculate the greatest common fa